ase 11.
-606
Convert -105261 (base 7) to base 6.
-222223
What is -10010101 (base 2) in base 5?
-1044
-12719 (base 11) to base 9
-26828
What is 318 (base 15) in base 4?
22322
Convert 77 (base 10) to base 9.
85
1181 (base 11) to base 3
2010002
Convert ab (base 16) to base 13.
102
What is 11000000100 (base 2) in base 13?
916
Convert -2243 (base 5) to base 2.
-101000011
-2214 (base 13) to base 8
-11215
Convert -244001 (base 5) to base 12.
-542b
Convert 10000101 (base 2) to base 5.
1013
What is 100020 (base 5) in base 9?
4263
-2323122 (base 4) to base 2
-10111011011010
433 (base 11) to base 13
310
What is -259c (base 16) in base 9?
-14177
What is -10c (base 13) in base 11?
-155
Convert -262054 (base 7) to base 14.
-13a9b
Convert 12221 (base 3) to base 2.
10100000
Convert -323211 (base 4) to base 8.
-7345
-4220 (base 5) to base 2
-1000110000
What is 12002 (base 4) in base 5?
3021
What is 13814 (base 9) in base 8?
22301
-2694 (base 11) to base 15
-107b
What is -12333010 (base 4) in base 15?
-8727
Convert -58ac (base 16) to base 2.
-101100010101100
Convert 7a1 (base 15) to base 16.
6be
What is 133 (base 9) in base 12?
93
-315442 (base 6) to base 12
-12b82
What is 15553 (base 6) in base 3?
10112220
Convert -21023 (base 4) to base 16.
-24b
11106 (base 9) to base 11
55a7
201113 (base 4) to base 16
857
Convert -410 (base 7) to base 10.
-203
Convert a45b (base 14) to base 5.
1401210
What is -102012 (base 3) in base 10?
-302
-110000110111 (base 2) to base 7
-12055
Convert -2402 (base 6) to base 12.
-402
Convert 1024 (base 5) to base 10.
139
6a9c (base 13) to base 14
5677
What is 21c (base 14) in base 13?
262
What is -2344 (base 9) in base 7?
-5035
1144 (base 6) to base 15
13a
What is 2277 (base 8) in base 4?
102333
Convert -30101 (base 4) to base 7.
-2201
-1344 (base 6) to base 4
-11200
Convert -710 (base 12) to base 9.
-1353
Convert 221300 (base 4) to base 7.
10535
Convert -865 (base 11) to base 8.
-2017
What is 24345 (base 7) in base 4?
1203102
-4a1 (base 15) to base 2
-10000011011
a7 (base 13) to base 9
162
What is 2035 (base 10) in base 16?
7f3
What is -1372 (base 10) in base 5?
-20442
What is -20122333 (base 4) in base 10?
-34495
-36 (base 16) to base 13
-42
100010001 (base 3) to base 11
4a9a
Convert -184a (base 12) to base 16.
-b7a
What is 1599 (base 14) in base 5?
110414
What is 574 (base 16) in base 4?
111310
703 (base 9) to base 16
23a
Convert -218 (base 9) to base 15.
-be
46062 (base 7) to base 11
8882
Convert 3001 (base 7) to base 15.
48a
-100d (base 14) to base 13
-1341
-1462 (base 12) to base 9
-3232
What is 6281 (base 10) in base 6?
45025
What is -4c0 (base 13) in base 10?
-832
Convert -3835 (base 9) to base 16.
-b33
Convert -542 (base 14) to base 10.
-1038
What is 241532 (base 6) in base 5?
1134102
Convert -1633 (base 13) to base 11.
-2498
What is 34773 (base 9) in base 10?
23232
What is 2541 (base 6) in base 9?
777
11001001100 (base 2) to base 11
1236
40 (base 15) to base 13
48
Convert 41 (base 14) to base 16.
39
Convert c26 (base 13) to base 16.
80c
11 (base 11) to base 14
c
Convert -5530 (base 10) to base 7.
-22060
Convert 1762 (base 8) to base 15.
475
What is 2022012002 (base 3) in base 6?
545515
-1027 (base 8) to base 7
-1363
Convert 114500 (base 6) to base 3.
111212200
4a71 (base 12) to base 15
2777
What is 2256 (base 7) in base 5?
11300
Convert -15 (base 6) to base 8.
-13
-30201 (base 4) to base 14
-413
Convert -1100110100100 (base 2) to base 15.
-1e29
What is -12210 (base 4) in base 16?
-1a4
-12401 (base 7) to base 9
-4448
202a (base 14) to base 5
134101
What is 49d8 (base 15) in base 11?
108a9
Convert 120301 (base 4) to base 8.
3061
What is 614 (base 7) in base 6?
1225
Convert -1706 (base 8) to base 9.
-1283
-2a2 (base 12) to base 4
-12122
What is -10111111111 (base 2) in base 5?
-22120
What is 47e3 (base 16) in base 6?
221111
What is 17175 (base 15) in base 11?
51045
What is -101000011 (base 2) in base 11?
-274
What is 25b36 (base 12) in base 9?
77866
Convert 10569 (base 12) to base 2.
101010000100001
11001221 (base 3) to base 8
5630
What is -12213013 (base 4) in base 9?
-41127
Convert -104041 (base 6) to base 5.
-234130
What is -7887 (base 11) in base 5?
-313010
What is 3037 (base 9) in base 5?
32341
What is -1041 (base 8) in base 10?
-545
Convert -793 (base 10) to base 8.
-1431
What is 150200 (base 6) in base 4?
3133320
Convert be8 (base 15) to base 9.
3622
-515025 (base 6) to base 11
-29011
Convert 339 (base 10) to base 14.
1a3
Convert b6 (base 12) to base 13.
a8
4043 (base 5) to base 13
313
-3322 (base 7) to base 12
-834
Convert -3b8 (base 13) to base 4.
-22102
Convert -b2c (base 16) to base 6.
-21124
4486 (base 13) to base 7
36625
What is 312 (base 4) in base 11?
4a
Convert -3043 (base 6) to base 3.
-221000
Convert 412022 (base 5) to base 2.
11010001001011
Convert -791 (base 13) to base 9.
-1705
-6218 (base 11) to base 7
-33021
Convert -236 (base 15) to base 10.
-501
What is 1312230 (base 4) in base 8?
16654
Convert 100111100110001 (base 2) to base 4.
10330301
-31211 (base 5) to base 7
-5665
Convert -233044 (base 5) to base 11.
-644a
a4 (base 12) to base 8
174
What is -838 (base 11) in base 13?
-5c8
What is -113344 (base 6) in base 7?
-40510
Convert -1110100100100011 (base 2) to base 14.
-17a71
What is -db5 (base 14) in base 8?
-5223
What is 498 (base 11) in base 2?
1001001111
Convert 31 (base 9) to base 7.
40
What is -5669 (base 10) in base 15?
-1a2e
-20477 (base 8) to base 4
-2010333
-8115 (base 10) to base 8
-17663
1110011011011110 (base 2) to base 13
20b94
Convert -23411 (base 7) to base 2.
-1011110010011
-102200 (base 3) to base 11
-267
-554 (base 11) to base 15
-2e4
What is 1b27 (base 12) in base 8?
6417
Convert -531 (base 11) to base 13.
-3a2
-7ad (base 16) to base 9
-2623
What is -255 (base 15) in base 14?
-29c
-73 (base 11) to base 16
-50
20b (base 12) to base 6
1215
What is -1496 (base 11) in base 5?
-30140
-c93 (base 14) to base 3
-10101220
What is 20324 (base 12) in base 10?
41932
Convert 113e (base 15) to base 9.
5015
What is -100110111000 (base 2) in base 3?
-10102011
Convert 9064 (base 13) to base 3.
1000020101
Convert -44220 (base 6) to base 4.
-1133310
-2004 (base 11) to base 12
-1662
What is 2097 (base 16) in base 9?
12400
Convert 1629 (base 10) to base 3.
2020100
What is 1338 (base 11) in base 7?
5026
-100110001 (base 2) to base 16
-131
What is -4144 (base 6) in base 2?
-1110100000
45725 (base 8) to base 11
13649
Convert 111212 (base 3) to base 5.
2444
What is 10001101010 (base 2) in base 8?
2152
Convert 264a (base 13) to base 7.
21643
Convert -129 (base 14) to base 7.
-452
353 (base 13) to base 6
2355
What is -21070 (base 9) in base 6?
-144230
What is -135576 (base 8) in base 15?
-e34d
Convert -15151 (base 6) to base 11.
-1921
-1211 (base 4) to base 8
-145
-623 (base 7) to base 3
-102112
What is -1003 (base 7) in base 8?
-532
-198 (base 10) to base 12
-146
What is -1b45 (base 15) in base 8?
-13433
Convert 903 (base 15) to base 9.
2703
Convert -12120000 (base 3) to base 2.
-111111010010
10022002 (base 3) to base 10
2405
What is -1610a (base 11) in base 4?
-11203212
What is cc3 (base 15) in base 11?
2191
What is 185a5 (base 11) in base 2?
110010110011001
Convert 10132121 (base 4) to base 6.
220505
Convert -566 (base 8) to base 14.
-1ca
Convert -200112 (base 3) to base 8.
-764
Convert 52d9 (base 16) to base 12.
10335
-657 (base 10) to base 2
-1010010001
What is -1110 (base 8) in base 16?
-248
-e5e3 (base 16) to base 4
-32113203
80d (base 16) to base 5
31221
What is -101010000111 (base 2) in base 16?
-a87
What is -41110 (base 6) in base 2?
-1010101000010
What is 895 (base 11) in base 3?
1110201
575 (base 10) to base 15
285
Convert 4663 (base 10) to base 9.
6351
What is -788 (base 12) in base 14?
-596
What is -127 (base 14) in base 3?
-22120
What is 974d (base 15) in base 10?
32023
What is 847 (base 13) in base 16?
583
What is daa (base 14) in base 2?
101010001010
Convert -1211021 (base 3) to base 10.
-1330
What is -31300002 (base 4) in base 7?
-323130
-71 (base 16) to base 4
-1301
What is 321122 (base 4) in base 14?
14a6
1677 (base 10) to base 15
76c
-20210 (base 3) to base 4
-2313
What is -1173 (base 9) in base 14?
-468
Convert -12210 (base 4) to base 2.
-110100100
Convert 21d0 (base 14) to base 6.
43054
C